ue
Is 166123 a prime number?
False
Is 14699 prime?
True
Is 428863 a composite number?
False
Is 8749 a prime number?
False
Is 478409 a composite number?
True
Is 4583 a prime number?
True
Is 117697 composite?
True
Is 1477 composite?
True
Is 98545 composite?
True
Is 5509 prime?
False
Is 30403 a composite number?
False
Is 14809 a prime number?
False
Is 6238 prime?
False
Is 11267 a prime number?
False
Is 9131 prime?
False
Is 262387 composite?
False
Is 108977 prime?
False
Is 3989 a composite number?
False
Is 105487 a composite number?
True
Is 333071 composite?
False
Is 9809 prime?
False
Is 39803 a composite number?
True
Is 7593 a prime number?
False
Is 2516179 composite?
True
Is 4177 prime?
True
Is 1361 prime?
True
Is 6143 a prime number?
True
Is 14969 a composite number?
False
Is 1219 prime?
False
Is 34115 a prime number?
False
Is 10265 a composite number?
True
Is 2503 composite?
False
Is 136997 a prime number?
False
Is 8594 a composite number?
True
Is 632189 prime?
True
Is 2629 prime?
False
Is 14143 composite?
False
Is 4713 a prime number?
False
Is 583 a composite number?
True
Is 68147 a prime number?
True
Is 10869 composite?
True
Is 166813 prime?
False
Is 264919 a prime number?
True
Is 7737 composite?
True
Is 226813 prime?
True
Is 9047 a composite number?
True
Is 124897 a composite number?
False
Is 2049413 composite?
True
Is 101483 a composite number?
False
Is 184351 a prime number?
True
Is 118163 a prime number?
True
Is 2899 a prime number?
False
Is 3890821 a prime number?
False
Is 523115 prime?
False
Is 45827 a composite number?
False
Is 15313 a prime number?
True
Is 3109 composite?
False
Is 536051 prime?
True
Is 50603 composite?
True
Is 1588963 prime?
True
Is 3587 a composite number?
True
Is 267077 a composite number?
True
Is 601751 prime?
True
Is 1562347 a prime number?
True
Is 14107 a composite number?
False
Is 2378891 a prime number?
True
Is 95 composite?
True
Is 23011 composite?
False
Is 20949 a prime number?
False
Is 1501 composite?
True
Is 30341 a prime number?
True
Is 12437 prime?
True
Is 6113 a prime number?
True
Is 2819 a prime number?
True
Is 10289 composite?
False
Is 685 a composite number?
True
Is 29119 a composite number?
True
Is 4180153 a composite number?
False
Is 23915 a composite number?
True
Is 85066 prime?
False
Is 97411 a composite number?
True
Is 928987 a composite number?
True
Is 1564643 prime?
True
Is 3329 composite?
False
Is 8068855 a prime number?
False
Is 180753 a composite number?
True
Is 330697 prime?
True
Is 1292843 a prime number?
True
Is 2237 a prime number?
True
Is 16841 a composite number?
True
Is 118 prime?
False
Is 22753 a composite number?
True
Is 1621 composite?
False
Is 22283 prime?
True
Is 856111 a prime number?
True
Is 901 a composite number?
True
Is 77021 composite?
True
Is 416797 composite?
False
Is 7523 composite?
False
Is 109643 composite?
True
Is 153887 prime?
True
Is 1360861 composite?
False
Is 159 a composite number?
True
Is 25621 a prime number?
True
Is 1073 a prime number?
False
Is 19529 a prime number?
False
Is 60899 prime?
True
Is 289043 composite?
True
Is 9786551 a prime number?
True
Is 11113 a prime number?
True
Is 86761 composite?
True
Is 462673 prime?
True
Is 26813 a prime number?
True
Is 9967 a composite number?
False
Is 2153 a prime number?
True
Is 3715 composite?
True
Is 18707 a prime number?
False
Is 139317 prime?
False
Is 484765 a prime number?
False
Is 178977 prime?
False
Is 192473 composite?
True
Is 1921157 prime?
False
Is 5501 a prime number?
True
Is 489 prime?
False
Is 110557 a prime number?
True
Is 20571 composite?
True
Is 902813 a composite number?
True
Is 3263 composite?
True
Is 859423 a prime number?
True
Is 10511 a prime number?
False
Is 3493453 a composite number?
True
Is 125527 a composite number?
False
Is 32321 a composite number?
False
Is 142 a composite number?
True
Is 153689 a composite number?
False
Is 69943 a prime number?
False
Is 21631 a composite number?
True
Is 2391 prime?
False
Is 144667 composite?
False
Is 1348205 composite?
True
Is 35221 a composite number?
False
Is 50737 composite?
True
Is 106529 a prime number?
False
Is 622 composite?
True
Is 1693 composite?
False
Is 70927 a composite number?
True
Is 9589 composite?
True
Is 3233 a composite number?
True
Is 18617 prime?
True
Is 1471 a composite number?
False
Is 5563 composite?
False
Is 521863 prime?
False
Is 3183 composite?
True
Is 8049 a composite number?
True
Is 559967 a composite number?
False
Is 8587 a composite number?
True
Is 4835 a composite number?
True
Is 761383 a composite number?
True
Is 6773 a prime number?
False
Is 801761 a composite number?
False
Is 2927 prime?
True
Is 47599 a composite number?
False
Is 4313 prime?
False
Is 92821 composite?
False
Is 91229 composite?
False
Is 12509 prime?
False
Is 13361 prime?
False
Is 741061 prime?
True
Is 26083 prime?
True
Is 52489 a composite number?
False
Is 13217 prime?
True
Is 7051 prime?
False
Is 1835905 a prime number?
False
Is 34019 composite?
False
Is 3749 composite?
True
Is 4721 composite?
False
Is 426841 a prime number?
True
Is 166087 composite?
True
Is 4385 a composite number?
True
Is 1766971 a composite number?
False
Is 7789 a prime number?
True
Is 278489 prime?
True
Is 18701 a prime number?
True
Is 5042893 a prime number?
True
Is 15143 a prime number?
False
Is 293963 a composite number?
True
Is 16591 a prime number?
False
Is 406309 a composite number?
False
Is 33461 a prime number?
True
Is 163973 composite?
False
Is 92405 composite?
True
Is 1277 a composite number?
False
Is 2811 composite?
True
Is 135119 composite?
False
Is 19763 a prime number?
True
Is 5839 a composite number?
False
Is 2005 a prime number?
False
Is 19857 prime?
False
Is 6997 composite?
False
Is 218131 prime?
True
Is 290351 a prime number?
True
Is 9017 a composite number?
True
Is 603569 composite?
False
Is 40433 a composite number?
False
Is 3407 a prime number?
True
Is 31469 a composite number?
False
Is 2297027 composite?
False
Is 52991 prime?
False
Is 566347 a composite number?
False
Is 3691 composite?
False
Is 26281 a composite number?
True
Is 103067 prime?
True
Is 30437 composite?
True
Is 3379 composite?
True
Is 240079 a composite number?
True
Is 22702 prime?
False
Is 14369 a prime number?
True
Is 749557 a prime number?
True
Is 4663 prime?
True
Is 1543 a composite number?
False
Is 1727 a prime number?
False
Is 7393 a composite number?
False
Is 14777 prime?
False
Is 323 a prime number?
False
Is 244157 composite?
False
Is 809563 prime?
True
Is 1073 a prime number?
False
Is 620983 prime?
False
Is 294523 a composite number?
False
Is 203207 prime?
True
Is 7411 prime?
True
Is 4547 a composite number?
False
Is 131891 a prime number?
True
Is 385001 a prime number?
True
Is 364031 prime?
True
Is 254857 a prime number?
True
Is 3847 a composite number?
False
Is 4049 a prime number?
True
Is 12011 prime?
True
Is 23953 composite?
True
Is 23447 a composite number?
False
Is 197587 composite?
True
Is 740615 a composite number?
True
Is 37381 a prime number?
False
Is 5209 a composite number?
False
Is 6331 prime?
False
Is 1189 composite?
True
Is 572569 prime?
False
Is 407347 a prime number?
True
Is 34373 prime?
False
Is 1022009 prime?
False
Is 602819 prime?
False
Is 145633 a composite number?
False
Is 308989 a prime number?
True
Is 2540759 composite?
True
Is 485897 a prime number?
False
Is 350081 a composite number?
True
Is 494815 prime?
False
Is 406655 composite?
True
Is 3163 composite?
False
Is 1711 composite?
True
Is 9797 prime?
False
Is 766 prime?
False
Is 677309 composite?
False
Is 4432343 prime?
True
Is 298897 composite?
False
Is 342557 a composite number?
True
Is 163549 composite?
True
Is 18539 a composite number?
False
Is 13633 a prime number?
True
Is 5509 prime?
False
Is 20245 a prime number?
False
Is 190121 a prime number?
True
Is 317 composite?
False
Is 6995 a composite number?
True
Is 16603 prime?
True
Is 22807 composite?
False
Is 147265 prime?
False
Is 42841 prime?
True
Is 10037 a composite number?
False
Is 61837 a composite number?
False
Is 9179 a prime number?
False
Is 110119 prime?
True
Is 36095 a prime number?
False
Is 5197 composite?
False
Is 410899 prime?
True
Is 2477 composite?
False
Is 219971 a prime number?
True
Is 1440545 a prime number?
False
Is 457469 a composite number?